tors of 1684.
2, 421
List the prime factors of 594.
2, 3, 11
List the prime factors of 1099.
7, 157
List the prime factors of 87690.
2, 3, 5, 37, 79
What are the prime factors of 6273?
3, 17, 41
List the prime factors of 2001.
3, 23, 29
What are the prime factors of 28523?
11, 2593
What are the prime factors of 7308?
2, 3, 7, 29
What are the prime factors of 70879?
70879
List the prime factors of 229.
229
What are the prime factors of 3934?
2, 7, 281
List the prime factors of 3585.
3, 5, 239
List the prime factors of 1151.
1151
List the prime factors of 2499.
3, 7, 17
What are the prime factors of 1273?
19, 67
List the prime factors of 34322.
2, 131
What are the prime factors of 1417?
13, 109
What are the prime factors of 14079?
3, 13, 19
List the prime factors of 4899.
3, 23, 71
What are the prime factors of 17470?
2, 5, 1747
What are the prime factors of 1349?
19, 71
What are the prime factors of 1760?
2, 5, 11
List the prime factors of 19648.
2, 307
What are the prime factors of 4012?
2, 17, 59
List the prime factors of 1077.
3, 359
List the prime factors of 654.
2, 3, 109
List the prime factors of 999.
3, 37
What are the prime factors of 190?
2, 5, 19
List the prime factors of 46780.
2, 5, 2339
List the prime factors of 55370.
2, 5, 7, 113
What are the prime factors of 108?
2, 3
What are the prime factors of 5828?
2, 31, 47
What are the prime factors of 8057?
7, 1151
List the prime factors of 4974.
2, 3, 829
What are the prime factors of 943?
23, 41
What are the prime factors of 3264?
2, 3, 17
What are the prime factors of 455?
5, 7, 13
What are the prime factors of 1380?
2, 3, 5, 23
List the prime factors of 3707.
11, 337
List the prime factors of 1008.
2, 3, 7
List the prime factors of 1208.
2, 151
List the prime factors of 41839.
7, 43, 139
List the prime factors of 554.
2, 277
What are the prime factors of 13073?
17, 769
List the prime factors of 65133.
3, 7237
What are the prime factors of 22313?
53, 421
List the prime factors of 75774.
2, 3, 73, 173
What are the prime factors of 1533?
3, 7, 73
List the prime factors of 758.
2, 379
List the prime factors of 15194.
2, 71, 107
List the prime factors of 17282.
2, 8641
List the prime factors of 134.
2, 67
List the prime factors of 2469.
3, 823
What are the prime factors of 24834?
2, 3, 4139
List the prime factors of 5320.
2, 5, 7, 19
What are the prime factors of 23760?
2, 3, 5, 11
What are the prime factors of 23730?
2, 3, 5, 7, 113
List the prime factors of 34714.
2, 17, 1021
List the prime factors of 27521.
13, 29, 73
List the prime factors of 62344.
2, 7793
What are the prime factors of 52314?
2, 3, 8719
What are the prime factors of 3469?
3469
What are the prime factors of 4062?
2, 3, 677
List the prime factors of 3395.
5, 7, 97
What are the prime factors of 837?
3, 31
List the prime factors of 1650.
2, 3, 5, 11
What are the prime factors of 7983?
3, 887
What are the prime factors of 2731?
2731
List the prime factors of 3771.
3, 419
List the prime factors of 91.
7, 13
What are the prime factors of 21090?
2, 3, 5, 19, 37
List the prime factors of 2202.
2, 3, 367
List the prime factors of 679.
7, 97
List the prime factors of 13233.
3, 11, 401
What are the prime factors of 9536?
2, 149
List the prime factors of 1457.
31, 47
List the prime factors of 1768.
2, 13, 17
List the prime factors of 237.
3, 79
List the prime factors of 213.
3, 71
List the prime factors of 2156.
2, 7, 11
What are the prime factors of 3777?
3, 1259
List the prime factors of 27857.
89, 313
What are the prime factors of 3891?
3, 1297
List the prime factors of 15687.
3, 7, 83
What are the prime factors of 303?
3, 101
What are the prime factors of 59770?
2, 5, 43, 139
What are the prime factors of 59041?
17, 23, 151
What are the prime factors of 19128?
2, 3, 797
What are the prime factors of 496?
2, 31
What are the prime factors of 1092?
2, 3, 7, 13
What are the prime factors of 1096?
2, 137
List the prime factors of 52806.
2, 3, 13, 677
What are the prime factors of 1305?
3, 5, 29
List the prime factors of 4292.
2, 29, 37
List the prime factors of 4496.
2, 281
List the prime factors of 1632.
2, 3, 17
List the prime factors of 797.
797
What are the prime factors of 1134?
2, 3, 7
What are the prime factors of 15893?
23, 691
What are the prime factors of 2039?
2039
List the prime factors of 153.
3, 17
List the prime factors of 23750.
2, 5, 19
What are the prime factors of 6838?
2, 13, 263
What are the prime factors of 6059?
73, 83
List the prime factors of 641.
641
List the prime factors of 1095.
3, 5, 73
What are the prime factors of 45264?
2, 3, 23, 41
What are the prime factors of 1216?
2, 19
What are the prime factors of 6797?
7, 971
List the prime factors of 2169.
3, 241
List the prime factors of 65094.
2, 3, 19, 571
What are the prime factors of 12469?
37, 337
What are the prime factors of 6101?
6101
What are the prime factors of 412?
2, 103
What are the prime factors of 12699?
3, 17, 83
What are the prime factors of 3678?
2, 3, 613
What are the prime factors of 696?
2, 3, 29
List the prime factors of 786.
2, 3, 131
What are the prime factors of 12017?
61, 197
List the prime factors of 571.
571
What are the prime factors of 149468?
2, 11, 43, 79
List the prime factors of 9732.
2, 3, 811
What are the prime factors of 3666?
2, 3, 13, 47
What are the prime factors of 1450?
2, 5, 29
List the prime factors of 20.
2, 5
What are the prime factors of 251?
251
What are the prime factors of 13400?
2, 5, 67
What are the prime factors of 21229?
13, 23, 71
What are the prime factors of 2635?
5, 17, 31
List the prime factors of 1229.
1229
List the prime factors of 11008.
2, 43
What are the prime factors of 2014?
2, 19, 53
List the prime factors of 107.
107
What are the prime factors of 687?
3, 229
What are the prime factors of 5532?
2, 3, 461
List the prime factors of 3639.
3, 1213
List the prime factors of 309.
3, 103
What are the prime factors of 43300?
2, 5, 433
What are the prime factors of 27371?
101, 271
List the prime factors of 7287.
3, 7, 347
List the prime factors of 5692.
2, 1423
List the prime factors of 2361.
3, 787
List the prime factors of 18348.
2, 3, 11, 139
List the prime factors of 7803.
3, 17
What are the prime factors of 15725?
5, 17, 37
List the prime factors of 76831.
76831
What are the prime factors of 450?
2, 3, 5
List the prime factors of 191.
191
List the prime factors of 551.
19, 29
What are the prime factors of 305?
5, 61
List the prime factors of 9787.
9787
List the prime factors of 35502.
2, 3, 61, 97
List the prime factors of 47817.
3, 7, 11, 23
What are the prime factors of 129552?
2, 3, 2699
List the prime factors of 33853.
97, 349
List the prime factors of 454.
2, 227
What are the prime factors of 6080?
2, 5, 19
List the prime factors of 558.
2, 3, 31
List the prime factors of 2082.
2, 3, 347
What are the prime factors of 86830?
2, 5, 19, 457
What are the prime factors of 6514?
2, 3257
List the prime factors of 12112.
2, 757
List the prime factors of 8571.
3, 2857
What are the prime factors of 152189?
152189
What are the prime factors of 1006?
2, 503
What are the prime factors of 1179?
3, 131
List the prime factors of 13110.
2, 3, 5, 19, 23
List the prime factors of 30188.
2, 7547
List the prime factors of 475.
5, 19
List the prime factors of 40790.
2, 5, 4079
What are the prime factors of 17052?
2, 3, 7, 29
List the prime factors of 99917.
41, 2437
What are the prime factors of 74068?
2, 18517
What are the prime factors of 29845?
5, 47, 127
What are the prime factors of 1044?
2, 3, 29
What are the prime factors of 7510?
2, 5, 751
What are the prime factors of 38177?
38177
What are the prime factors of 9874?
2, 4937
List the prime factors of 35759.
35759
What are the prime factors of 637?
7, 13
What are the prime factors of 11293?
23, 491
List the prime factors of 137020.
2, 5, 13, 17, 31
What are the prime factors of 12003?
3, 4001
List the prime factors of 3127.
53, 59
What are the prime factors of 52862?
2, 26431
What are the prime factors of 69077?
67, 1031
List the prime factors of 2715.
3, 5, 181
What are the prime factors of 7606?
2, 3803
List the prime factors of 6434.
2, 3217
List the prime factors of 16590.
2, 3, 5, 7, 79
List the prime factors of 2943.
3, 109
List the prime fac